{"id":32,"date":"2025-05-26T16:44:30","date_gmt":"2025-05-26T14:44:30","guid":{"rendered":"http:\/\/legabib.cluster100.hosting.ovh.net\/blog\/?page_id=32"},"modified":"2025-05-28T12:08:49","modified_gmt":"2025-05-28T10:08:49","slug":"le-gabian-dechaine","status":"publish","type":"page","link":"https:\/\/legabiandechaine.com\/blog\/index.php\/le-gabian-dechaine\/","title":{"rendered":"Le Gabian D\u00e9cha\u00een\u00e9"},"content":{"rendered":"\n<p>15 ao\u00fbt 2013<\/p>\n\n\n\n<p>Le Gabian D\u00e9cha\u00een\u00e9 est un m\u00e9dia local online, pi\u00e8ce rapport\u00e9e du forum citoyen des cassidens tant d\u00e9cri\u00e9 et redout\u00e9 par les politiques locaux, <a href=\"http:\/\/www.cassis-forum.com\">www.cassis-forum.com<\/a> (aujourd&rsquo;hui, un simple blog).<br>Le Gabian voit le jour d\u00e9but 2001 avec un premier dossier, celui du HAMEAU DES TUNISIENS ! (la mise au jour du bidonville de Cassis que tout le monde feint de conna\u00eetre) Dossier ouvert en mars 2001, puis quelques semaines apr\u00e8s, celui de la carri\u00e8re de Port-Miou.<br>Un mode d&rsquo;expression libre et unique en France qui, en remontant dans le temps, s&rsquo;inscrit dans la lign\u00e9e du journal papier d\u2019Emile Bodin en 1930, le \u00abCALENDAL\u00bb Un bi mensuel destin\u00e9 \u00e0 d\u00e9fendre la population rurale contre l\u2019usine de ciments qui \u00e9ventrait les terrains au-dessus de la gare, et les carri\u00e8res de Port-Miou qui commen\u00e7aient \u00e0 d\u00e9truire la calanque.<br>Comme Emile, vous partez en croisade et vous d\u00e9noncez les affaires qui sont un risque pour le patrimoine cassiden ! Me confia un ancien du village.<br>Poursuivant;<br>Tu sais que ton forum, c\u2019est un journal citoyen engag\u00e9 \u00e0 d\u00e9fendre le pays comme il n\u2019y en avait jamais eu depuis fort longtemps\u2026 Je pense que s\u2019il \u00e9tait encore l\u00e0, il serait avec vous plus jeune que jamais !<br>Je lui r\u00e9pondrai; Mais il est avec nous !<\/p>\n\n\n\n<p>Le Gabian deviendra un m\u00e9dia d&rsquo;information num\u00e9rique local, ind\u00e9pendant et participatif via le forum depuis 2001. \u00ab\u00a0Sans vouloir faire de comparaison, <a href=\"http:\/\/www.Mediapart.fr\">www.Mediapart.fr<\/a> n&rsquo;est en ligne que depuis le 2 d\u00e9cembre 2007.\u00a0\u00bb<\/p>\n\n\n\n<figure class=\"wp-block-image size-full\"><img loading=\"lazy\" decoding=\"async\" width=\"369\" height=\"854\" src=\"http:\/\/legabib.cluster100.hosting.ovh.net\/blog\/wp-content\/uploads\/2025\/05\/laprovence10avril2014.jpg\" alt=\"\" class=\"wp-image-33\" srcset=\"https:\/\/legabiandechaine.com\/blog\/wp-content\/uploads\/2025\/05\/laprovence10avril2014.jpg 369w, https:\/\/legabiandechaine.com\/blog\/wp-content\/uploads\/2025\/05\/laprovence10avril2014-130x300.jpg 130w\" sizes=\"auto, (max-width: 369px) 100vw, 369px\" \/><\/figure>\n\n\n\n<figure class=\"wp-block-image size-large\"><img loading=\"lazy\" decoding=\"async\" width=\"475\" height=\"1024\" src=\"http:\/\/legabib.cluster100.hosting.ovh.net\/blog\/wp-content\/uploads\/2025\/05\/AJ-08-12-03-LaProvence-GabianDechaine-475x1024.jpg\" alt=\"\" class=\"wp-image-34\" srcset=\"https:\/\/legabiandechaine.com\/blog\/wp-content\/uploads\/2025\/05\/AJ-08-12-03-LaProvence-GabianDechaine-475x1024.jpg 475w, https:\/\/legabiandechaine.com\/blog\/wp-content\/uploads\/2025\/05\/AJ-08-12-03-LaProvence-GabianDechaine-139x300.jpg 139w, https:\/\/legabiandechaine.com\/blog\/wp-content\/uploads\/2025\/05\/AJ-08-12-03-LaProvence-GabianDechaine.jpg 600w\" sizes=\"auto, (max-width: 475px) 100vw, 475px\" \/><\/figure>\n","protected":false},"excerpt":{"rendered":"<p>15 ao\u00fbt 2013 Le Gabian D\u00e9cha\u00een\u00e9 est un m\u00e9dia local online, pi\u00e8ce rapport\u00e9e du forum citoyen des cassidens tant d\u00e9cri\u00e9 et redout\u00e9 par les politiques locaux, www.cassis-forum.com (aujourd&rsquo;hui, un simple blog).Le Gabian voit le jour d\u00e9but 2001 avec un premier dossier, celui du HAMEAU DES TUNISIENS ! (la mise au jour du bidonville de Cassis [&hellip;]<\/p>\n","protected":false},"author":2,"featured_media":0,"parent":0,"menu_order":0,"comment_status":"closed","ping_status":"closed","template":"","meta":{"footnotes":""},"class_list":["post-32","page","type-page","status-publish","hentry"],"_links":{"self":[{"href":"https:\/\/legabiandechaine.com\/blog\/index.php\/wp-json\/wp\/v2\/pages\/32","targetHints":{"allow":["GET"]}}],"collection":[{"href":"https:\/\/legabiandechaine.com\/blog\/index.php\/wp-json\/wp\/v2\/pages"}],"about":[{"href":"https:\/\/legabiandechaine.com\/blog\/index.php\/wp-json\/wp\/v2\/types\/page"}],"author":[{"embeddable":true,"href":"https:\/\/legabiandechaine.com\/blog\/index.php\/wp-json\/wp\/v2\/users\/2"}],"replies":[{"embeddable":true,"href":"https:\/\/legabiandechaine.com\/blog\/index.php\/wp-json\/wp\/v2\/comments?post=32"}],"version-history":[{"count":1,"href":"https:\/\/legabiandechaine.com\/blog\/index.php\/wp-json\/wp\/v2\/pages\/32\/revisions"}],"predecessor-version":[{"id":35,"href":"https:\/\/legabiandechaine.com\/blog\/index.php\/wp-json\/wp\/v2\/pages\/32\/revisions\/35"}],"wp:attachment":[{"href":"https:\/\/legabiandechaine.com\/blog\/index.php\/wp-json\/wp\/v2\/media?parent=32"}],"curies":[{"name":"wp","href":"https:\/\/api.w.org\/{rel}","templated":true}]}}