{"id":63,"date":"2025-05-26T17:30:44","date_gmt":"2025-05-26T15:30:44","guid":{"rendered":"http:\/\/legabib.cluster100.hosting.ovh.net\/blog\/?page_id=63"},"modified":"2025-05-26T17:30:44","modified_gmt":"2025-05-26T15:30:44","slug":"la-complainte-de-saint-pierre","status":"publish","type":"page","link":"https:\/\/legabiandechaine.com\/blog\/index.php\/la-complainte-de-saint-pierre\/","title":{"rendered":"La complainte de Saint Pierre"},"content":{"rendered":"\n<p>La St PIERRE dans les ann\u00e9es 1920-30<br><em>(Photo de Jules GUERIN envoy\u00e9e par Cathou Sighi\u00e8ri)<\/em><\/p>\n\n\n\n<figure class=\"wp-block-image size-full\"><img loading=\"lazy\" decoding=\"async\" width=\"600\" height=\"417\" src=\"http:\/\/legabib.cluster100.hosting.ovh.net\/blog\/wp-content\/uploads\/2025\/05\/CS-JulesGUERIN-006pt.jpg\" alt=\"\" class=\"wp-image-64\" srcset=\"https:\/\/legabiandechaine.com\/blog\/wp-content\/uploads\/2025\/05\/CS-JulesGUERIN-006pt.jpg 600w, https:\/\/legabiandechaine.com\/blog\/wp-content\/uploads\/2025\/05\/CS-JulesGUERIN-006pt-300x209.jpg 300w\" sizes=\"auto, (max-width: 600px) 100vw, 600px\" \/><\/figure>\n\n\n\n<p><strong>La complainte de Saint Pierre<\/strong><\/p>\n\n\n\n<p>O, pauvres p\u00eacheurs, moi qui vous ai guid\u00e9 les jours de mauvais temps.<br>O, pauvres p\u00eacheurs, moi qui garde pr\u00e9cieusement ces deux cl\u00e9s d or et d\u2019argent.O, pauvre saint Pierre, pauvre de moi.<br>Bient\u00f4t, je n\u2019aurai plus la force de vous ouvrir les portes du paradis.<\/p>\n\n\n\n<p>Votre saint Pierre \u00e0 bien vieilli !!!!<br>Alors s\u2019il vous plait, offrez-moi Cassidens une cure de jouvence.<br>Et moi,<br>Patron des p\u00eacheurs je veillerai sur toute la Provence.<\/p>\n\n\n\n<p><em>(Marion d\u2019Orso)<\/em><\/p>\n","protected":false},"excerpt":{"rendered":"<p>La St PIERRE dans les ann\u00e9es 1920-30(Photo de Jules GUERIN envoy\u00e9e par Cathou Sighi\u00e8ri) La complainte de Saint Pierre O, pauvres p\u00eacheurs, moi qui vous ai guid\u00e9 les jours de mauvais temps.O, pauvres p\u00eacheurs, moi qui garde pr\u00e9cieusement ces deux cl\u00e9s d or et d\u2019argent.O, pauvre saint Pierre, pauvre de moi.Bient\u00f4t, je n\u2019aurai plus la [&hellip;]<\/p>\n","protected":false},"author":2,"featured_media":0,"parent":0,"menu_order":0,"comment_status":"closed","ping_status":"closed","template":"","meta":{"footnotes":""},"class_list":["post-63","page","type-page","status-publish","hentry"],"_links":{"self":[{"href":"https:\/\/legabiandechaine.com\/blog\/index.php\/wp-json\/wp\/v2\/pages\/63","targetHints":{"allow":["GET"]}}],"collection":[{"href":"https:\/\/legabiandechaine.com\/blog\/index.php\/wp-json\/wp\/v2\/pages"}],"about":[{"href":"https:\/\/legabiandechaine.com\/blog\/index.php\/wp-json\/wp\/v2\/types\/page"}],"author":[{"embeddable":true,"href":"https:\/\/legabiandechaine.com\/blog\/index.php\/wp-json\/wp\/v2\/users\/2"}],"replies":[{"embeddable":true,"href":"https:\/\/legabiandechaine.com\/blog\/index.php\/wp-json\/wp\/v2\/comments?post=63"}],"version-history":[{"count":1,"href":"https:\/\/legabiandechaine.com\/blog\/index.php\/wp-json\/wp\/v2\/pages\/63\/revisions"}],"predecessor-version":[{"id":65,"href":"https:\/\/legabiandechaine.com\/blog\/index.php\/wp-json\/wp\/v2\/pages\/63\/revisions\/65"}],"wp:attachment":[{"href":"https:\/\/legabiandechaine.com\/blog\/index.php\/wp-json\/wp\/v2\/media?parent=63"}],"curies":[{"name":"wp","href":"https:\/\/api.w.org\/{rel}","templated":true}]}}